{"id":418,"date":"2017-09-19T14:32:48","date_gmt":"2017-09-19T14:32:48","guid":{"rendered":"http:\/\/minarethoteleger.hu\/web\/?page_id=418"},"modified":"2024-01-03T09:51:37","modified_gmt":"2024-01-03T09:51:37","slug":"34-hetkoznapi-akcio","status":"publish","type":"page","link":"https:\/\/minarethoteleger.hu\/web\/34-hetkoznapi-akcio\/","title":{"rendered":"3=4! AKCI\u00d3"},"content":{"rendered":"<p><strong>Csomag tartalma:<\/strong><\/p>\n<ul>\n<li>4 \u00e9jszaka sz\u00e1ll\u00e1s 3 \u00e9jszaka \u00e1r\u00e1\u00e9rt, kiv\u00e1lasztott szobat\u00edpusba, H\u00c9TV\u00c9GI FELHASZN\u00c1L\u00c1SSAL IS FEL\u00c1R N\u00c9LK\u00dcL<\/li>\n<li>\u00e9rkez\u00e9skor friss\u00edt\u0151 k\u00e1v\u00e9 vagy jeges tea a hotel B\u00e1r r\u00e9sz\u00e9n<\/li>\n<li>gazdag k\u00edn\u00e1lat\u00fa f\u00e9lpanzi\u00f3s ell\u00e1t\u00e1s ( \u00e9rkez\u00e9s napj\u00e1n b\u00fcf\u00e9vacsor\u00e1val kezdenek, majd t\u00e1voz\u00e1s napj\u00e1n b\u00fcf\u00e9reggelivel \u00e9r v\u00e9get)<\/li>\n<li>t\u00f6r\u00f6lk\u00f6z\u0151 \u00e9s hajsz\u00e1r\u00edt\u00f3 bek\u00e9sz\u00edt\u00e9se a szob\u00e1ba<\/li>\n<li>\u00e9rt\u00e9kmeg\u0151rz\u00e9s a recepci\u00f3n tal\u00e1lhat\u00f3 sz\u00e9fben<\/li>\n<li>sz\u00e9les csatornav\u00e1laszt\u00e9k\u00fa k\u00e1beltelev\u00edzi\u00f3<\/li>\n<li>korl\u00e1tlan vezet\u00e9k n\u00e9lk\u00fcli internet hozz\u00e1f\u00e9r\u00e9s a hotel teljes ter\u00fclet\u00e9n<\/li>\n<\/ul>\n<h2 style=\"text-align: center;\"><span style=\"color: #ff6600;\">Csomag \u00e1ra: 52.900.- Ft\/f\u0151\/4 \u00e9jszaka ( manz\u00e1rd t\u00edpus\u00fa szob\u00e1kban )<\/span><\/h2>\n<h2 style=\"text-align: center;\"><span style=\"color: #ff6600;\">Csomag \u00e1ra: 60.500.- Ft\/f\u0151\/4 \u00e9jszaka ( classic,family t\u00edpus\u00fa szob\u00e1kban )<\/span><\/h2>\n<p><strong>Ig\u00e9nybev\u00e9tel eset\u00e9n extra fel\u00e1raink:<\/strong><\/p>\n<p><strong>Szezon fel\u00e1r 2024.06.01-2024.08.30\u00a0 20.000.-Ft \/ csomag\u00a0<\/strong><\/p>\n<p><strong>Kis\u00e1llat fel\u00e1r: <span style=\"color: #ff0000;\">+3000.-Ft\/kis\u00e1llat\/\u00e9j<\/span><\/strong><\/p>\n<p>A sv\u00e9dasztalos \u00e9tkez\u00e9st 20 f\u0151s vend\u00e9gl\u00e9tsz\u00e1m felett biztos\u00edtjuk, amennyiben a vend\u00e9gl\u00e9tsz\u00e1m 20 f\u0151 alatt van, t\u00e1ny\u00e9rszervizes vacsora\u00a0 minden\u00a0 nap 18:00 \u2013 20:00 k\u00f6z\u00f6tt .<\/p>\n<p><strong><span style=\"color: #ff0000;\">A csomag\u00e1r az Idegenforgalmi ad\u00f3t nem tartalmazza, m\u00e9rt\u00e9ke 500.-Ft\/f\u0151\/1\u00e9j (18 \u00e9ves kor felett fizetend\u0151).<\/span><\/strong><\/p>\n<p>A csomag \u00e9rv\u00e9nyes 2022.03.02-2022.12.14-ig, minimum 4 \u00e9jszaka ig\u00e9nybev\u00e9tele eset\u00e9n,\u00a0 kiv\u00e9ve \u00fcnnepi id\u0151szakokban!<\/p>\n<p>A csomag tartalma m\u00e1s akci\u00f3val nem \u00f6sszevonhat\u00f3!<\/p>\n<p><a href=\"https:\/\/ibe.sabeeapp.com\/special-offers\/Hotel-Minaret-foglal%C3%A1s\/?p=bSp87dee27f19ab69f8&amp;checkin=2022-01-17&amp;checkout=2022-01-21\" target=\"_blank\" rel=\"noopener noreferrer\"><img decoding=\"async\" loading=\"lazy\" class=\"aligncenter wp-image-189 size-full\" src=\"https:\/\/minarethoteleger.hu\/web\/wp-content\/uploads\/2017\/06\/foglalas.jpg\" alt=\"\" width=\"200\" height=\"50\" \/><\/a><\/p>\n","protected":false},"excerpt":{"rendered":"<p>Csomag tartalma: 4 \u00e9jszaka sz\u00e1ll\u00e1s 3 \u00e9jszaka \u00e1r\u00e1\u00e9rt, kiv\u00e1lasztott szobat\u00edpusba, H\u00c9TV\u00c9GI FELHASZN\u00c1L\u00c1SSAL IS FEL\u00c1R N\u00c9LK\u00dcL \u00e9rkez\u00e9skor friss\u00edt\u0151 k\u00e1v\u00e9 vagy jeges tea a hotel B\u00e1r r\u00e9sz\u00e9n gazdag k\u00edn\u00e1lat\u00fa f\u00e9lpanzi\u00f3s ell\u00e1t\u00e1s ( \u00e9rkez\u00e9s napj\u00e1n b\u00fcf\u00e9vacsor\u00e1val kezdenek, majd t\u00e1voz\u00e1s napj\u00e1n b\u00fcf\u00e9reggelivel \u00e9r v\u00e9get) t\u00f6r\u00f6lk\u00f6z\u0151 \u00e9s hajsz\u00e1r\u00edt\u00f3 bek\u00e9sz\u00edt\u00e9se a szob\u00e1ba \u00e9rt\u00e9kmeg\u0151rz\u00e9s a recepci\u00f3n tal\u00e1lhat\u00f3 sz\u00e9fben sz\u00e9les csatornav\u00e1laszt\u00e9k\u00fa k\u00e1beltelev\u00edzi\u00f3 korl\u00e1tlan [&hellip;]<\/p>\n","protected":false},"author":6,"featured_media":376,"parent":0,"menu_order":0,"comment_status":"closed","ping_status":"closed","template":"","meta":[],"_links":{"self":[{"href":"https:\/\/minarethoteleger.hu\/web\/wp-json\/wp\/v2\/pages\/418"}],"collection":[{"href":"https:\/\/minarethoteleger.hu\/web\/wp-json\/wp\/v2\/pages"}],"about":[{"href":"https:\/\/minarethoteleger.hu\/web\/wp-json\/wp\/v2\/types\/page"}],"author":[{"embeddable":true,"href":"https:\/\/minarethoteleger.hu\/web\/wp-json\/wp\/v2\/users\/6"}],"replies":[{"embeddable":true,"href":"https:\/\/minarethoteleger.hu\/web\/wp-json\/wp\/v2\/comments?post=418"}],"version-history":[{"count":17,"href":"https:\/\/minarethoteleger.hu\/web\/wp-json\/wp\/v2\/pages\/418\/revisions"}],"predecessor-version":[{"id":1472,"href":"https:\/\/minarethoteleger.hu\/web\/wp-json\/wp\/v2\/pages\/418\/revisions\/1472"}],"wp:featuredmedia":[{"embeddable":true,"href":"https:\/\/minarethoteleger.hu\/web\/wp-json\/wp\/v2\/media\/376"}],"wp:attachment":[{"href":"https:\/\/minarethoteleger.hu\/web\/wp-json\/wp\/v2\/media?parent=418"}],"curies":[{"name":"wp","href":"https:\/\/api.w.org\/{rel}","templated":true}]}}